he prime factors of 38323.
19, 2017
List the prime factors of 74141.
151, 491
List the prime factors of 3216.
2, 3, 67
List the prime factors of 2688.
2, 3, 7
What are the prime factors of 1642?
2, 821
What are the prime factors of 14578?
2, 37, 197
List the prime factors of 3582.
2, 3, 199
What are the prime factors of 3595?
5, 719
List the prime factors of 655.
5, 131
List the prime factors of 37075.
5, 1483
List the prime factors of 43877.
17, 29, 89
What are the prime factors of 8263?
8263
What are the prime factors of 3404?
2, 23, 37
List the prime factors of 56692.
2, 14173
List the prime factors of 20681.
20681
What are the prime factors of 2006?
2, 17, 59
List the prime factors of 7509.
3, 2503
List the prime factors of 85669.
85669
What are the prime factors of 10835?
5, 11, 197
What are the prime factors of 18908?
2, 29, 163
List the prime factors of 20765.
5, 4153
What are the prime factors of 1371?
3, 457
What are the prime factors of 291?
3, 97
List the prime factors of 28930.
2, 5, 11, 263
List the prime factors of 5679.
3, 631
List the prime factors of 16510.
2, 5, 13, 127
What are the prime factors of 664?
2, 83
List the prime factors of 24487.
47, 521
List the prime factors of 270.
2, 3, 5
What are the prime factors of 7079?
7079
List the prime factors of 386.
2, 193
List the prime factors of 1072.
2, 67
What are the prime factors of 165938?
2, 29, 2861
What are the prime factors of 55732?
2, 13933
List the prime factors of 3759.
3, 7, 179
What are the prime factors of 5223?
3, 1741
What are the prime factors of 17586?
2, 3, 977
List the prime factors of 5175.
3, 5, 23
What are the prime factors of 1065?
3, 5, 71
What are the prime factors of 10224?
2, 3, 71
List the prime factors of 915.
3, 5, 61
List the prime factors of 300.
2, 3, 5
What are the prime factors of 2891?
7, 59
List the prime factors of 1369.
37
List the prime factors of 13149.
3, 487
List the prime factors of 250.
2, 5
List the prime factors of 61547.
61547
List the prime factors of 48863.
131, 373
What are the prime factors of 1260?
2, 3, 5, 7
What are the prime factors of 3445?
5, 13, 53
What are the prime factors of 63298?
2, 31649
List the prime factors of 71542.
2, 35771
List the prime factors of 12121.
17, 23, 31
What are the prime factors of 687?
3, 229
What are the prime factors of 72103?
72103
List the prime factors of 64858.
2, 32429
List the prime factors of 730.
2, 5, 73
What are the prime factors of 1493?
1493
What are the prime factors of 3700?
2, 5, 37
What are the prime factors of 4220?
2, 5, 211
What are the prime factors of 2072?
2, 7, 37
What are the prime factors of 9962?
2, 17, 293
List the prime factors of 1665.
3, 5, 37
What are the prime factors of 3707?
11, 337
List the prime factors of 1536.
2, 3
List the prime factors of 1545.
3, 5, 103
What are the prime factors of 3472?
2, 7, 31
List the prime factors of 25494.
2, 3, 7, 607
What are the prime factors of 5294?
2, 2647
List the prime factors of 69436.
2, 17359
What are the prime factors of 40949?
40949
List the prime factors of 847.
7, 11
What are the prime factors of 862?
2, 431
What are the prime factors of 6712?
2, 839
List the prime factors of 8010.
2, 3, 5, 89
What are the prime factors of 2376?
2, 3, 11
What are the prime factors of 51478?
2, 7, 3677
What are the prime factors of 3546?
2, 3, 197
What are the prime factors of 69615?
3, 5, 7, 13, 17
What are the prime factors of 1347?
3, 449
What are the prime factors of 910?
2, 5, 7, 13
List the prime factors of 1692.
2, 3, 47
List the prime factors of 102641.
7, 11, 31, 43
List the prime factors of 19214.
2, 13, 739
What are the prime factors of 1098?
2, 3, 61
List the prime factors of 56723.
131, 433
List the prime factors of 59369.
59369
List the prime factors of 4383.
3, 487
List the prime factors of 443.
443
List the prime factors of 1310.
2, 5, 131
List the prime factors of 2387.
7, 11, 31
What are the prime factors of 21532?
2, 7, 769
List the prime factors of 93166.
2, 37, 1259
List the prime factors of 36474.
2, 3, 6079
List the prime factors of 6358.
2, 11, 17
What are the prime factors of 805?
5, 7, 23
List the prime factors of 80481.
3, 139, 193
List the prime factors of 1349.
19, 71
List the prime factors of 10115.
5, 7, 17
What are the prime factors of 38883?
3, 13, 997
List the prime factors of 652.
2, 163
List the prime factors of 5624.
2, 19, 37
List the prime factors of 2199.
3, 733
What are the prime factors of 42425?
5, 1697
What are the prime factors of 8174?
2, 61, 67
What are the prime factors of 54842?
2, 17, 1613
List the prime factors of 31306.
2, 11, 1423
What are the prime factors of 438?
2, 3, 73
List the prime factors of 2525.
5, 101
What are the prime factors of 933?
3, 311
List the prime factors of 6600.
2, 3, 5, 11
What are the prime factors of 26697?
3, 11, 809
What are the prime factors of 3894?
2, 3, 11, 59
What are the prime factors of 430?
2, 5, 43
What are the prime factors of 4550?
2, 5, 7, 13
List the prime factors of 4039.
7, 577
List the prime factors of 4075.
5, 163
List the prime factors of 470.
2, 5, 47
What are the prime factors of 3183?
3, 1061
What are the prime factors of 14313?
3, 13, 367
What are the prime factors of 107176?
2, 13397
List the prime factors of 6687.
3, 743
What are the prime factors of 143?
11, 13
List the prime factors of 7127.
7127
List the prime factors of 55525.
5, 2221
List the prime factors of 1791.
3, 199
What are the prime factors of 53598?
2, 3, 8933
What are the prime factors of 527?
17, 31
What are the prime factors of 1980?
2, 3, 5, 11
List the prime factors of 2716.
2, 7, 97
List the prime factors of 4183.
47, 89
List the prime factors of 804.
2, 3, 67
List the prime factors of 1232.
2, 7, 11
What are the prime factors of 639?
3, 71
List the prime factors of 132035.
5, 26407
What are the prime factors of 69732?
2, 3, 13, 149
What are the prime factors of 10763?
47, 229
List the prime factors of 24828.
2, 3, 2069
What are the prime factors of 26283?
3, 8761
List the prime factors of 792.
2, 3, 11
What are the prime factors of 10488?
2, 3, 19, 23
List the prime factors of 4788.
2, 3, 7, 19
What are the prime factors of 13577?
13577
What are the prime factors of 54986?
2, 19, 1447
List the prime factors of 30273.
3, 10091
What are the prime factors of 1096?
2, 137
List the prime factors of 103.
103
What are the prime factors of 13371?
3, 4457
List the prime factors of 109383.
3, 19, 101
What are the prime factors of 25831?
13, 1987
List the prime factors of 8181.
3, 101
List the prime factors of 40665.
3, 5, 2711
What are the prime factors of 10117?
67, 151
List the prime factors of 173.
173
What are the prime factors of 161?
7, 23
What are the prime factors of 5292?
2, 3, 7
What are the prime factors of 7485?
3, 5, 499
What are the prime factors of 43452?
2, 3, 17, 71
List the prime factors of 1998.
2, 3, 37
What are the prime factors of 4487?
7, 641
List the prime factors of 801.
3, 89
List the prime factors of 71343.
3, 7927
List the prime factors of 1330.
2, 5, 7, 19
List the prime factors of 14119.
7, 2017
List the prime factors of 30051.
3, 7, 53
List the prime factors of 1895.
5, 379
What are the prime factors of 12305?
5, 23, 107
List the prime factors of 261.
3, 29
What are the prime factors of 1023?
3, 11, 31
What are the prime factors of 589?
19, 31
What are the prime factors of 1602?
2, 3, 89
List the prime factors of 84793.
84793
What are the prime factors of 117?
3, 13
List the prime factors of 17093.
17093
List the prime factors of 720.
2, 3, 5
What are the prime factors of 26014?
2, 13007
List the prime factors of 2403.
3, 89
List the prime factors of 34819.
34819
List the prime factors of 1106.
2, 7, 79
List the prime factors of 1334.
2, 23, 29
List the prime factors of 62217.
3, 31, 223
List the prime factors of 53579.
131, 409
What are the prime factors of 15705?
3, 5, 349
List the prime factors of 25995.
3, 5, 1733
List the prime factors of 23097.
3, 7699
What are the prime factors of 25933?
25933
What are the prime factors of 60446?
2, 30223
List the prime factors of 173010.
2, 3, 5, 73, 79
What are the prime factors of 52344?
2, 3, 727
List the prime factors of 2893.
11, 263
What are the prime factors of 6808?
2, 23, 37
List 